
5
Let p(x) = -x**3 + 11*x**2 - 22*x - 20. Determine p(8).
-4
Let v(t) = 2*t**2 - 11*t + 8. Calculate v(5).
3
Let j(i) = 5*i**2 - i - 24. Determine j(-4).
60
Let v(f) = f - 45. What is v(0)?
-45
Let z(w) = 6*w + 23. Give z(-4).
-1
Let c(w) = -w**3 + 13*w**2 + 13. Determine c(13).
13
Let c(m) = 6*m - 23. Determine c(6).
13
Let t(z) = -4*z - 82. Calculate t(-20).
-2
Let o(h) = -10*h**2 - 2*h + 2. Give o(-2).
-34
Let r(v) = -12*v + 293. Give r(22).
29
Let j(w) = 6*w + 7. What is j(-3)?
-11
Let v(x) = -x + 7. Give v(15).
-8
Let c(l) = -3*l + 5. Calculate c(6).
-13
Let d(o) = -o**3 + 17*o**2 - 17*o + 41. Determine d(16).
25
Let s(p) = -3*p + 32. What is s(8)?
8
Let l(c) = c**3 + 6*c**2 + 8*c + 9. Determine l(-5).
-6
Let a(b) = b**3 - 5*b**2 - 28*b + 29. Determine a(8).
-3
Let y(l) = -6*l - 23. Give y(-6).
13
Let d(a) = a**3 + 7*a**2 - 6*a + 14. Determine d(-8).
-2
Let a(d) = 13*d + 361. What is a(-27)?
10
Let b(y) = 28*y. Calculate b(-2).
-56
Let c(y) = -y**3 - 11*y**2 + 25*y + 8. Determine c(-13).
21
Let c(o) = o**2 + 7*o + 10. Determine c(-4).
-2
Let u(g) = g**3 + 3*g**2. What is u(-3)?
0
Let o(u) = -u**2 - 8*u - 5. Calculate o(-10).
-25
Let a(b) = b**3 - 11*b**2 - 12*b + 6. Determine a(12).
6
Let n(q) = 46*q - 1. Determine n(-1).
-47
Let v(o) = -o**2 + 28*o + 128. Give v(32).
0
Let t(i) = -3*i + 5. Give t(-3).
14
Let w(c) = -c**3 - 2*c**2 - 3*c - 2. Calculate w(-1).
0
Let r(c) = c**2 - 15*c + 56. What is r(8)?
0
Let l(k) = 2*k**2 + 9*k - 10. Calculate l(-5).
-5
Let f(z) = -5*z**2 + 46*z + 29. What is f(10)?
-11
Let i(u) = -u**3 + 29*u**2 + 30*u + 9. Calculate i(30).
9
Let g(c) = -c**2 - 4*c - 2. Give g(-4).
-2
Let q(v) = 20*v - 17. What is q(1)?
3
Let y(w) = -4*w**3 + 2*w**2 - 8*w + 4. Determine y(2).
-36
Let r(t) = -t**2 - t + 3. Determine r(-5).
-17
Let n(a) = a**2 + 15*a + 37. Determine n(-11).
-7
Let z(s) = -s**3 + 6*s**2 - 2*s - 2. What is z(6)?
-14
Let v(k) = k**2 + 18*k + 56. What is v(-6)?
-16
Let c(m) = -m**2 + 10*m - 22. Determine c(9).
-13
Let t(w) = w**3 - 20*w**2 + w - 22. Determine t(20).
-2
Let s(g) = g**3 - 8*g**2 - 18*g - 8. What is s(10)?
12
Let f(g) = -3*g**2 - 4*g + 8. Give f(-4).
-24
Let i(b) = -8*b**3 + 5*b**2 - b. Calculate i(2).
-46
Let l(b) = -3*b - 30. What is l(-6)?
-12
Let d(a) = -5*a + 6. Calculate d(-3).
21
Let t(z) = -2*z - 8. Calculate t(6).
-20
Let z(o) = -o**2 - 12*o - 3. Determine z(-12).
-3
Let b(j) = 7*j + 55. Determine b(-7).
6
Let x(o) = -o**3 + 5*o**2 - 10*o + 12. Determine x(2).
4
Let b(g) = 2*g**2 - 12*g + 5. Calculate b(5).
-5
Let h(n) = -97*n + 774. Calculate h(8).
-2
Let q(f) = -f**3 - 14*f**2 - 32*f + 10. Determine q(-11).
-1
Let c(a) = -a**3 - 32*a**2 + 107*a + 68. What is c(-35)?
-2
Let b(i) = i**3 - 13*i**2 + 33*i + 38. Calculate b(9).
11
Let b(h) = -h**2 - 5*h - 14. What is b(-5)?
-14
Let a(d) = -4*d + 65. Calculate a(20).
-15
Let v(d) = 2*d**2 + 4*d - 3. What is v(2)?
13
Let j(v) = 2*v**3 + 13*v**2 + 4*v - 10. What is j(-6)?
2
Let z(a) = a - 35. What is z(23)?
-12
Let b(u) = 10*u**2. Determine b(-2).
40
Let w(c) = -c**2 - 34*c + 27. What is w(-35)?
-8
Let h(m) = -m**3 - 14*m**2 - 13*m - 16. Determine h(-13).
-16
Let x(j) = -j**2 - 11*j - 4. Give x(-3).
20
Let s(m) = -7*m + 13. Calculate s(7).
-36
Let j(m) = -m**2 + 5*m + 59. Calculate j(-5).
9
Let a(w) = -2*w**3 + 9*w**2 - 4*w + 3. Determine a(4).
3
Let u(z) = -z**3 - 9*z**2 - 12*z + 6. Give u(-7).
-8
Let f(a) = a**3 - 16*a**2 + 36*a + 35. Calculate f(13).
-4
Let o(a) = -a - 3. What is o(-1)?
-2
Let y(w) = -57*w - 1. Calculate y(1).
-58
Let w(t) = -t**3 - 5*t**2 - 2*t - 45. Determine w(-6).
3
Let l(w) = -w**3 + 12*w**2 - 18*w + 3. Calculate l(11).
-74
Let u(a) = 21*a**3 + 2*a**2 + 2*a. What is u(-1)?
-21
Let p(u) = u**3 - 4*u**2 + 5. What is p(2)?
-3
Let x(z) = -15*z**3 + z**2 + 14*z + 13. Calculate x(-1).
15
Let y(i) = -i + 19. Give y(5).
14
Let a(b) = 4*b - 9. Determine a(3).
3
Let a(f) = f**2 - 5*f + 16. Give a(5).
16
Let m(j) = j**2 - 3*j + 2. Determine m(2).
0
Let j(l) = l**3 + l**2 - 2*l - 2. What is j(-2)?
-2
Let l(k) = -42*k + 708. What is l(17)?
-6
Let f(v) = -v + 11. Give f(-13).
24
Let r(k) = -3*k - 11. Give r(-3).
-2
Let c(v) = -v**2 - 6*v + 45. What is c(-10)?
5
Let n(t) = -t + 8. What is n(-5)?
13
Let r(m) = m**3 + 13*m**2 - 16*m - 20. Calculate r(-14).
8
Let r(k) = 3*k**2 - 2*k. Calculate r(3).
21
Let g(v) = v**3 + v**2 - v - 12. What is g(0)?
-12
Let h(x) = 10*x - 37. Calculate h(4).
3
Let p(g) = -g**3 - 7*g**2 - 6. Determine p(-6).
-42
Let o(v) = 3*v + 11. Determine o(-5).
-4
Let f(a) = -2*a**2 + 35*a - 90. Determine f(13).
27
Let j(r) = r**2 - 19*r - 2. Give j(9).
-92
Let u(m) = m**2 - 8*m + 4. What is u(6)?
-8
Let z(r) = 19*r - 152. Give z(8).
0
Let q(z) = z**3 - 16*z**2 - 44*z + 55. Give q(18).
-89
Let i(p) = -3*p**3 - 2*p - 3. Calculate i(3).
-90
Let f(l) = -l + 8. Give f(6).
2
Let o(b) = -5*b**3 + 4*b**2 - 2*b - 1. What is o(2)?
-29
Let a(r) = -r**2 + 9*r + 247. Give a(-12).
-5
Let z(t) = -t - 3. What is z(-2)?
-1
Let h(p) = -p**3 + 13*p**2 + p - 6. Calculate h(13).
7
Let m(s) = s - 4. What is m(11)?
7
Let k(v) = v**3 + 25*v**2 - 25*v + 25. Determine k(-26).
-1
Let a(u) = -34*u - 546. Give a(-16).
-2
Let x(g) = -g**3 - g**2 - g + 6. Give x(0).
6
Let c(b) = b**3 - 4*b**2 - 4*b + 17. Calculate c(4).
1
Let z(u) = -17*u - 137. Give z(-8).
-1
Let y(f) = f**2 + 4*f - 16. Give y(-7).
5
Let a(s) = -3*s**2 + 4*s - 3. What is a(3)?
-18
Let t(f) = 3*f**2 + 1. Calculate t(-1).
4
Let v(y) = -6*y + 93. Calculate v(14).
9
Let t(y) = 15*y - 99. Determine t(6).
-9
Let w(u) = 3*u - 12. Give w(5).
3
Let g(a) = -14*a - 1. What is g(1)?
-15
Let v(c) = c**3 - 7*c**2 - 46*c + 17. What is v(11)?
-5
Let a(h) = 19*h + 13. Give a(-3).
-44
Let t(n) = -n**2 + 12*n - 16. What is t(11)?
-5
Let o(y) = y**2 - 14*y - 53. What is o(17)?
-2
Let x(p) = -p**2 - 19*p - 12. Calculate x(-18).
6
Let v(y) = -y**2 - 28*y + 91. Calculate v(-31).
-2
Let z(u) = -u**3 - 10*u**2 + 11*u + 4. What is z(-11)?
4
Let r(w) = -3*w**3 + 38*w**2 + 10*w + 31. Calculate r(13).
-8
Let b(a) = a**2 - 19*a + 41. Give b(12).
-43
Let m(l) = 7*l**2 + 97*l + 64. Determine m(-13).
-14
Let h(q) = -9*q + 69. Calculate h(6).
15
Let u(r) = r**2 - 3*r - 30. What is u(10)?
40
Let o(i) = i**2 - 61*i + 464. Calculate o(52).
-4
Let w(l) = 4*l**2 + 2*l + 13. What is w(-6)?
145
Let g(y) = -y**3 + 11*y**2 - 12*y + 16. Calculate g(10).
-4
Let m(y) = -3*y**2 - 4*y - 3. Calculate m(-2).
-7
Let g(j) = 5*j**2 + 3*j + 2. Determine g(-4).
70
Let p(q) = q + 9. Give p(-10).
-1
Let b(g) = -g**3 + 4*g**2 + 2. Determine b(6).
-70
Let s(i) = -26*i - 23. Calculate s(-3).
55
Let g(c) = -c**3 - 7*c**2 + 3*c + 14. Calculate g(-7).
-7
Let r(w) = -5*w**2 + 154*w + 28. Determine r(31).
-3
Let r(q) = 3*q**3 + 2*q**2 + 2*q + 7. Calculate r(-2).
-13
Let r(q) = -8*q - 1. Calculate r(-11).
87
Let i(w) = -w**3 + 4*w**2 + 10*w - 9. Determine i(6).
-21
Let s(w) = -10*w + 148. Determine s(15).
-2
Let d(x) = -2*x + 28. What is d(-18)?
64
Let u(j) = 10*j**2 + 5*j + 5. Calculate u(-1).
10
Let b(s) = -2*s - 1. What is b(-1)?
1
Let v(g) = -g**2 + 20*g + 125. Calculate v(25).
0
Let f(p) = p**3 - 55*p**2 - 113*p - 65. What is f(57)?
-8
Let d(o) = -o**3 - 6*o**2 + 5. Give d(-6).
5
Let j(z) = -z**3 + 15*z**2 - 16*z + 32. Calculate j(14).
4
Let y(g) = -2*g**3 + 21*g**2 - 15*g - 14. Calculate y(10).
-64
Let c(z) = z - 3. Determine c(3).
0
Let z(c) = 3*c + 1. Calculate z(-12).
-35
Let g(j) = 2*j**3 + 20*j**2 + j + 28. What is g(-10)?
18
Let m(k) = -k**3 - 7*k**2 - 11*k - 4. Give m(-4).
-8
Let d(g) = -8*g**2 + 103*g + 14. Determine d(13).
1
Let u(l) = -l**3 - l**2 + 4*l - 5. What is u(-3)?
1
Let u(s) = 2*s**2 + 30*s - 15. Determine u(-15).
-15
Let d(i) = 4*i - 1. Calculate d(1).
3
Let t(w) = w**2 + 2*w - 17. Determine t(-7).
18
Let f(n) = -n**2 - 19*n + 74. Calculate f(-21).
32
Let f(n) = 5*n**3 + 4*n**2 + 2*n - 2. Give f(2).
58
Let m(d) = -7*d**2 - 1. Give m(1).
-8
Let y(n) = 9*n + 12. Calculate y(-2).
-6
Let z(i) = -i**3 + 13*i**2 - 5*i + 24. What is z(13)?
-41
Let m(i) = 8*i + 2. Determine m(6).
50
Let s(c) = 79*c + 1418. Give s(-18).
-4
Let o(t) = t**3 + 3*t**2 + 8. Calculate o(0).
8
Let s(w) = 8*w - 28. Give s(7).
28
Let a(q) = -q**2 - q + 7. Determine a(-6).
-23
Let u(k) = -37*k - 185. Calculate u(-5).
0
Let l(y) = -9*y + 109. Determ